mon factor of 161 and 46.
23
Calculate the highest common divisor of 3926 and 13.
13
Calculate the highest common factor of 276 and 897.
69
What is the highest common factor of 1148 and 84?
28
What is the highest common divisor of 114 and 209?
19
What is the greatest common divisor of 22 and 964?
2
What is the highest common factor of 112 and 14?
14
Calculate the greatest common factor of 13 and 533.
13
Calculate the highest common factor of 39 and 312.
39
What is the highest common divisor of 42 and 5082?
42
What is the greatest common divisor of 116 and 5?
1
What is the highest common divisor of 955 and 1337?
191
What is the greatest common factor of 161 and 2681?
7
Calculate the greatest common factor of 183 and 3233.
61
What is the highest common factor of 2378 and 41?
41
What is the highest common factor of 380 and 30?
10
What is the greatest common factor of 22 and 2?
2
What is the greatest common divisor of 16 and 2168?
8
What is the greatest common divisor of 364 and 56?
28
What is the greatest common factor of 18 and 63?
9
Calculate the greatest common factor of 180 and 5625.
45
What is the greatest common factor of 3666 and 78?
78
Calculate the greatest common divisor of 21 and 161.
7
Calculate the highest common divisor of 15283 and 62.
31
Calculate the highest common divisor of 148 and 2.
2
What is the highest common factor of 48 and 264?
24
Calculate the highest common divisor of 386 and 5211.
193
Calculate the greatest common divisor of 460 and 20.
20
Calculate the greatest common factor of 1592 and 16.
8
Calculate the greatest common divisor of 9 and 549.
9
What is the highest common factor of 775 and 651?
31
What is the highest common factor of 284 and 4?
4
What is the greatest common divisor of 336 and 480?
48
Calculate the greatest common divisor of 693 and 63.
63
What is the highest common factor of 21 and 525?
21
What is the greatest common divisor of 10 and 110?
10
What is the greatest common factor of 75 and 775?
25
Calculate the greatest common divisor of 30 and 250.
10
What is the greatest common factor of 22 and 275?
11
Calculate the highest common factor of 342 and 2014.
38
What is the highest common divisor of 1990 and 290?
10
What is the greatest common factor of 767 and 3009?
59
What is the highest common factor of 1023 and 713?
31
What is the greatest common factor of 21 and 21?
21
What is the greatest common divisor of 156 and 12?
12
What is the highest common factor of 2475 and 132?
33
Calculate the greatest common divisor of 133 and 7.
7
What is the greatest common factor of 5944 and 16?
8
Calculate the highest common divisor of 162 and 11826.
162
Calculate the highest common factor of 24 and 84.
12
Calculate the greatest common divisor of 5808 and 192.
48
Calculate the highest common divisor of 9 and 3231.
9
What is the highest common divisor of 14 and 6860?
14
What is the highest common factor of 52 and 13572?
52
Calculate the greatest common divisor of 22 and 1298.
22
Calculate the greatest common factor of 4089 and 348.
87
What is the highest common factor of 88 and 110?
22
What is the highest common divisor of 1881 and 99?
99
What is the highest common factor of 134 and 11323?
67
Calculate the highest common divisor of 29 and 22417.
29
What is the highest common factor of 97 and 7663?
97
Calculate the greatest common divisor of 1200 and 3750.
150
Calculate the greatest common factor of 46 and 14.
2
Calculate the highest common divisor of 7722 and 462.
66
What is the greatest common factor of 88 and 72?
8
What is the greatest common divisor of 511 and 21?
7
Calculate the highest common divisor of 145 and 3132.
29
What is the greatest common divisor of 61516 and 28?
28
What is the greatest common factor of 67368 and 168?
168
What is the greatest common divisor of 143 and 88?
11
Calculate the greatest common divisor of 48 and 54.
6
Calculate the highest common factor of 1081 and 423.
47
What is the highest common divisor of 2105 and 10?
5
What is the greatest common factor of 15 and 385?
5
What is the greatest common divisor of 506 and 92?
46
What is the highest common factor of 68955 and 15?
15
What is the highest common divisor of 1792 and 14?
14
Calculate the greatest common factor of 92 and 1150.
46
Calculate the greatest common factor of 336 and 952.
56
Calculate the highest common factor of 117 and 52.
13
Calculate the highest common factor of 1507 and 44.
11
Calculate the highest common divisor of 3272 and 8.
8
What is the highest common divisor of 8384 and 160?
32
What is the highest common divisor of 26 and 1157?
13
What is the greatest common factor of 228 and 722?
38
Calculate the highest common factor of 31 and 2480.
31
Calculate the greatest common factor of 80 and 48.
16
What is the greatest common divisor of 61 and 3721?
61
Calculate the greatest common divisor of 1704 and 456.
24
What is the greatest common factor of 820 and 35?
5
Calculate the greatest common divisor of 728 and 84.
28
What is the highest common factor of 1561 and 446?
223
Calculate the greatest common factor of 24 and 108.
12
Calculate the highest common factor of 46 and 874.
46
What is the greatest common divisor of 198 and 16?
2
Calculate the greatest common factor of 11 and 1.
1
Calculate the highest common factor of 45 and 30.
15
Calculate the greatest common divisor of 76 and 152.
76
What is the greatest common factor of 9 and 3429?
9
What is the greatest common factor of 66 and 40084?
22
Calculate the greatest common factor of 1647 and 61.
61
Calculate the greatest common divisor of 72 and 48.
24
What is the greatest common divisor of 1343 and 17?
17
Calculate the greatest common factor of 888 and 2400.
24
Calculate the greatest common factor of 39 and 975.
39
What is the greatest common factor of 236 and 36?
4
What is the greatest common factor of 56 and 224?
56
Calculate the greatest common factor of 415 and 15.
5
What is the highest common divisor of 1455 and 15?
15
What is the greatest common factor of 896 and 608?
32
What is the greatest common divisor of 2478 and 42?
42
What is the highest common divisor of 3944 and 102?
34
What is the highest common factor of 300 and 325?
25
Calculate the highest common divisor of 158 and 6.
2
Calculate the greatest common divisor of 1457 and 31.
31
Calculate the highest common factor of 16 and 56.
8
What is the greatest common divisor of 15714 and 291?
291
What is the greatest common factor of 459 and 117?
9
What is the greatest common divisor of 320 and 136?
8
What is the highest common divisor of 1798 and 62?
62
Calculate the highest common divisor of 91 and 884.
13
Calculate the highest common factor of 39467 and 61.
61
What is the greatest common divisor of 47 and 94?
47
What is the greatest common factor of 6 and 8994?
6
Calculate the greatest common divisor of 104 and 806.
26
What is the greatest common factor of 6886 and 88?
22
What is the greatest common factor of 3724 and 152?
76
Calculate the greatest common divisor of 21 and 14889.
21
What is the greatest common factor of 580 and 1798?
58
Calculate the greatest common divisor of 74 and 1221.
37
What is the greatest common divisor of 52 and 8593?
13
Calculate the greatest common divisor of 420 and 980.
140
Calculate the highest common factor of 1344 and 2184.
168
Calculate the highest common factor of 31 and 279.
31
Calculate the highest common factor of 300 and 60.
60
Calculate the greatest common divisor of 52 and 36.
4
What is the greatest common factor of 96 and 352?
32
Calculate the greatest common divisor of 198 and 29502.
198
Calculate the highest common divisor of 106 and 530.
106
Calculate the greatest common divisor of 156 and 2106.
78
What is the highest common factor of 66 and 1606?
22
What is the greatest common factor of 322 and 14?
14
Calculate the highest common divisor of 204 and 68.
68
Calculate the highest common factor of 84 and 608.
4
Calculate the highest common divisor of 65 and 1495.
65
Calculate the highest common divisor of 279 and 1147.
31
What is the highest common factor of 77 and 21?
7
What is the greatest common divisor of 943 and 46?
23
What is the highest common divisor of 260 and 6630?
130
What is the greatest common divisor of 8 and 776?
8
What is the highest common factor of 32 